701
Let p(c) = -1361*c + 52. Let a(i) = 680*i - 28. Let s(r) = 5*a(r) + 3*p(r). List the prime factors of s(-2).
2, 691
Suppose 28*j = 33*j - 230. Suppose -5*u - 20 = -0*u, j = -2*r - u. List the prime factors of (-13 - -1)*14*7/r.
2, 7
Let k(l) = -46*l**3 - 4*l - 4. Let r be k(-1). Let u = r + -41. Suppose 0 = -4*j + 5*a + 250, -2*a = u*j - 0*a - 329. What are the prime factors of j?
5, 13
Let t = -1 + 1. Suppose 8*h - 25 = 3*h. Suppose 0 = -h*w - 3*z + 401 - 30, t = 2*w + 4*z - 140. What are the prime factors of w?
2, 19
Suppose -102 - 70 = 4*l - 3*z, -l = z + 43. Let u = -40 - l. List the prime factors of (71 - (-1 - (-2 + u))) + 2.
3, 5
Suppose -4*i - 41 = -3*g, 2*g - 7*g - i + 30 = 0. What are the prime factors of -3 + g + 667 - -7?
2, 3, 113
Let o(q) = q**2 + 6*q + 9. Let x be (4 - 1)*(55/(-15) - -5). Suppose 3*r + 0*r - 7 = -f, -x*f + r = 37. What are the prime factors of o(f)?
5
Suppose 0 = -3*p + 2*v + 908, 0 = -2*v - 3*v - 20. Let z = p + -76. List the prime factors of z.
2, 7
Suppose 2183*h = 2098*h + 2061080. List the prime factors of h.
2, 7, 433
Let b(s) = 8*s**2 - 23*s + 86. Let m be b(4). Let p = 151 + m. List the prime factors of p.
3, 7, 13
Let a(r) = -65*r - 72. Let m(j) = 130*j + 142. Let v(k) = 5*a(k) + 3*m(k). What are the prime factors of v(8)?
2, 293
Let q = 49 + -45. Suppose 3*r - k - 501 = 0, -q*k = -2 + 14. Let v = 265 - r. What are the prime factors of v?
3, 11
Suppose 6 = -10*h + 46. Suppose h*o - 768 = -22*f + 27*f, -3*o + 549 = 3*f. What are the prime factors of o?
11, 17
Let m(k) = 4*k - 3*k**2 - 5*k**3 + 2*k**2 + 2 - 12*k**3. Suppose 1 = -3*n + 5*z, -5*z - 4 - 3 = n. What are the prime factors of m(n)?
2, 3, 7
Suppose 5*i = 16 - 361. Let p = 331 + i. What are the prime factors of p?
2, 131
What are the prime factors of (-13)/((-520)/24)*42*785?
2, 3, 7, 157
Let j = -77 - -71. Let a be 2/j*3 + (-1 - -454). Suppose -h = 2*h + u - a, -h + 160 = 5*u. List the prime factors of h.
2, 3, 5
Let v(s) = -7*s - 5. Let y be v(-3). Let o = 18 - y. List the prime factors of o*(3 - -62 - 0).
2, 5, 13
Let c = 114 - 235. Let s = c - -829. List the prime factors of s.
2, 3, 59
Suppose 21948 = -7410*m + 7416*m. What are the prime factors of m?
2, 31, 59
Let k be (-775)/2 + (-81)/54. Let j = -176 - k. What are the prime factors of j?
3, 71
Suppose 0 = -21*f + 110811 + 226470. List the prime factors of f.
16061
Suppose -10481 + 1969 = -8*k. Let f = 140 + k. List the prime factors of f.
2, 7, 43
Let v(g) = 886*g + 1045. What are the prime factors of v(24)?
7, 3187
Let t(v) = 6*v - 37. Let i be t(7). Let x be i/15 + 14/3. Suppose -o + 359 = 5*j, 3*o + 335 = x*j - 2*o. What are the prime factors of j?
71
What are the prime factors of (-9*34/(-72))/((-3)/(-5268))?
17, 439
Suppose 5*k + 5*j - 1074 = 8*k, k = 2*j - 357. Let d = 618 + k. List the prime factors of d.
3, 5, 17
Let u(x) = x**3 + 58*x**2 + 42*x + 1248. What are the prime factors of u(-47)?
11, 2143
Let n(c) = 771*c - 175. List the prime factors of n(5).
2, 5, 23
Let b(l) = 8*l - 8. Let u be b(3). Suppose 3*f - 2201 = -5*g, -19*g + u*g + 1311 = 5*f. What are the prime factors of g?
2, 13, 17
Let x be (-8 + (8 - 0))/(-3 + 1). Suppose x = 147*u - 142*u - 2490. List the prime factors of u.
2, 3, 83
Let o be (-5 - -4)*(1 + 540). Let u = 1091 + o. List the prime factors of u.
2, 5, 11
Let z be (2 - (-10)/(-3))/(8/(-156)). Let x be 9174/z + -1 + (-60)/(-52). Let p = x + -184. List the prime factors of p.
13
Let g(n) = -16*n + 67. Let l be g(4). List the prime factors of (-182)/l*(-81)/18.
3, 7, 13
Let q = 527 + -299. Let p = -1414 + q. What are the prime factors of (-2)/(-7) + p/(-14)?
5, 17
Suppose 39424 - 5734 = 5*u. List the prime factors of u.
2, 3, 1123
Let o(c) = -c**3 + 2*c**2 + 10*c - 5. Let w be o(4). Suppose 4*h = 5*l + 1965, 5*h - 2*l = w*h + 984. What are the prime factors of h?
3, 5, 11
Suppose 10*x + 2454 = 854. Let a = x - -594. List the prime factors of a.
2, 7, 31
Let u(b) = b**2 - b. Let i(y) = -990*y**2 + 2*y + 3. Let w(t) = -i(t) - u(t). Let l be w(-1). Suppose 5*v - l + 57 = 0. List the prime factors of v.
2, 3, 31
What are the prime factors of -39 + 7595/196 - 50/16*-6266?
3, 61, 107
Suppose 0 = 152*k - 155*k + 3*t + 20721, 2*t - 34507 = -5*k. List the prime factors of k.
3, 13, 59
Suppose 0 = 19*f - 55*f + 25*f + 836352. What are the prime factors of f?
2, 3, 11
What are the prime factors of (-20)/(-40) - ((-46318)/6)/((-2)/(-3))?
2, 3, 5, 193
Let a(j) = 61*j**2 - 7*j + 2. Let n(k) = 61*k**2 - 5*k + 1. Let s(c) = -3*a(c) + 4*n(c). Let w be (12/(-18))/((-4)/6). What are the prime factors of s(w)?
2, 3, 5
Let g(c) = 16*c**2 - 20*c - 60. Let y be g(-4). Let t = 518 - y. List the prime factors of t.
2, 11
Let u(n) = 11*n + 2*n**3 + 3*n**3 - 2 - 5 + 9*n**2 - 6*n**3. Let v be u(10). Suppose 5*t - 260 = w + 365, 0 = t - v*w - 139. What are the prime factors of t?
2, 31
Suppose 51*t - 44*t + 4*c = 179213, 2*t - 4*c - 51214 = 0. What are the prime factors of t?
25603
Let z(o) = -1738*o + 2. Let q be z(1). Let u = -1136 - q. What are the prime factors of u?
2, 3, 5
Let m be 1/(((-38)/(-152))/((-3)/4)). Let g(i) = -489*i + 118. List the prime factors of g(m).
5, 317
Let y(n) = -70*n**3 + 59*n**2 - 33*n - 19. What are the prime factors of y(-9)?
56087
Suppose 583 = 8*j - 41. Suppose v = -4*y + 705, 3*y - 462 = 3*v + j. List the prime factors of y.
3, 59
List the prime factors of -1111*(-6)/(-12)*(-40 - -4).
2, 3, 11, 101
Let z = 86 + -88. Let a be ((2 - 10)/(-2))/(z/(-313)). Suppose -a = -12*b + 2098. List the prime factors of b.
227
Let a be 132/28 - 2/(-7). Let j(d) = -8*d - 3 - a - 5 - 12*d. What are the prime factors of j(-5)?
3, 29
Suppose -12*u + 202*u - 2941227 = -166657. List the prime factors of u.
17, 859
Let x(s) = s**3 - 11*s**2 + 4*s + 5. Let z(u) = -3*u**3 + 32*u**2 - 11*u - 14. Let i(r) = -7*x(r) - 2*z(r). List the prime factors of i(11).
13
Let w(q) = 2*q**2 - 1. Let m(a) = 13*a**2 + a - 4. Let h(x) = m(x) - 6*w(x). Let n be h(0). What are the prime factors of (n - 3)/((-3)/246)?
2, 41
Let a be (-456)/96 - (-1)/(-4). What are the prime factors of (-78)/a*175/7?
2, 3, 5, 13
Let d = 43582 + -7366. What are the prime factors of d?
2, 3, 503
Suppose -q - 209916 = -5*k, 91*k - 94*k = -10*q - 126006. What are the prime factors of k?
2, 3, 6997
Suppose 0 = -2*k - 2*k + 40. Suppose -t + 5*y = k, 0 = t + 3*y - 9 + 3. Suppose 200 = 4*x - i, -x - 3*x + 4*i + 200 = t. What are the prime factors of x?
2, 5
Let p be ((-3)/((-90)/(-24)))/((-2)/5). Suppose 3*j = p*a + a + 762, -3*a = -j + 250. List the prime factors of j.
2
Let h = 2391 + 2550. Suppose -12*n - 15*n = -h. List the prime factors of n.
3, 61
Suppose -3*q = -2*h + 17656, 36*h + 3*q = 40*h - 35306. What are the prime factors of h?
5, 353
Suppose 18*g - 440 = 23*g. Let n be ((-2)/4)/((-1)/372). Let o = n + g. List the prime factors of o.
2, 7
Let w be (-4 - 30/(-12))*(-1 - 1). Suppose 5*b - 4*i - i = 20, 5*i + 22 = w*b. List the prime factors of (5 + -48 + b)/(-2 - 0).
2, 11
Let n = -181 + 274. Let m be 0/(-5 + 2) + -22. Let k = m + n. List the prime factors of k.
71
Suppose 0*h = -14*h - 28. List the prime factors of ((-27)/(-18))/(h/(-444)).
3, 37
Let u(f) = 13*f**2 + 49*f - 24. List the prime factors of u(-23).
2, 7, 409
Suppose -p = -5 + 9, i - 4*p + 1027 = 0. Let d = -610 - i. List the prime factors of d.
433
Let t be (3 - 5/((-15)/(-9)))*-1. Suppose 3*u + 6 = -3, 3*s - 5*u + 198 = t. Let a = s + 152. List the prime factors of a.
3
What are the prime factors of (-3 - -3045) + (5 - (0 - -2)*1)?
3, 5, 7, 29
Suppose 138 = -8*l + 106. What are the prime factors of (-1030)/l - (1782/(-36))/(-33)?
2
Suppose 714*r + 3255 = 5*y + 719*r, -3*y + 1913 = -5*r. What are the prime factors of y?
2, 17, 19
List the prime factors of (-75758280)/(-9750) + 2/(-25).
2, 3, 5, 7, 37
Let l(g) = 4 + 11*g**2 + 27 - 3 - 10*g - g**3. List the prime factors of l(6).
2, 37
Suppose 3*d - 17944 = -5*l + 34276, -l = 5*d - 10444. What are the prime factors of l?
2, 7, 373
Let f(g) = -4667*g + 696. List the prime factors of f(-4).
2, 47, 103
Let c(i) = 1672*i - 6214. What are the prime factors of c(21)?
2, 14449
Suppose 769600 = 52*i + 308144 - 1692540. List the prime factors of i.
23, 1801
Let m(d) = d**3 - 19*d**2 - 38*d + 10. Let a